f 25285?
True
Does 11 divide 365901?
False
Is 123 a factor of 419799?
True
Is 117 a factor of 301112?
False
Does 26 divide 779662?
True
Does 4 divide 608184?
True
Is 16 a factor of 7382965?
False
Is 242545 a multiple of 41?
False
Is 3276700 a multiple of 469?
False
Is 4117440 a multiple of 5?
True
Is 412930 a multiple of 7?
True
Is 383013 a multiple of 55?
False
Is 2 a factor of 288858?
True
Is 130 a factor of 73060?
True
Does 416 divide 167499?
False
Is 63167 a multiple of 78?
False
Does 380 divide 78585?
False
Is 312549 a multiple of 220?
False
Does 48 divide 2087300?
False
Is 8 a factor of 17102?
False
Does 363 divide 265386?
False
Is 94 a factor of 35720?
True
Is 552574 a multiple of 22?
True
Is 227 a factor of 21416796?
False
Is 85272 a multiple of 323?
True
Is 42 a factor of 3507451?
False
Does 11 divide 8031331?
True
Does 83 divide 178864?
False
Is 10 a factor of 81310?
True
Does 11 divide 2154537?
True
Does 248 divide 82735?
False
Is 7 a factor of 69813?
False
Does 148 divide 90132?
True
Is 883018 a multiple of 80?
False
Is 89 a factor of 282160?
False
Is 5455 a multiple of 34?
False
Does 41 divide 1650624?
False
Is 12287054 a multiple of 1430?
False
Is 6469376 a multiple of 14?
False
Does 624 divide 3364608?
True
Is 12 a factor of 228804?
True
Does 374 divide 3103826?
True
Does 10 divide 19524210?
True
Is 210156 a multiple of 2?
True
Is 42 a factor of 6681486?
True
Does 32 divide 240800?
True
Is 260 a factor of 2834780?
True
Does 187 divide 5327633?
False
Does 130 divide 252136?
False
Is 883354 a multiple of 140?
False
Does 345 divide 1885770?
True
Does 14 divide 372161?
False
Is 1026868 a multiple of 2?
True
Is 62880 a multiple of 37?
False
Is 154574 a multiple of 14?
True
Is 1342278 a multiple of 54?
True
Is 105924 a multiple of 91?
True
Does 24 divide 292258?
False
Is 197767 a multiple of 13?
False
Is 113 a factor of 2499554?
False
Is 76 a factor of 144682?
False
Is 10836 a multiple of 6?
True
Does 38 divide 22075088?
False
Does 4 divide 89247?
False
Does 208 divide 5538797?
False
Does 18 divide 115668?
True
Does 13 divide 1714518?
True
Does 291 divide 1663989?
False
Does 24 divide 3128760?
True
Does 394 divide 507294?
False
Is 19 a factor of 2767946?
False
Is 232258 a multiple of 63?
False
Does 16 divide 245548?
False
Is 164 a factor of 7924?
False
Is 38 a factor of 1754156?
True
Does 83 divide 55195?
True
Is 133 a factor of 15162?
True
Is 217464 a multiple of 533?
True
Is 638781 a multiple of 39?
True
Does 18 divide 23521?
False
Is 4677486 a multiple of 22?
True
Does 22 divide 308565?
False
Is 2508532 a multiple of 12?
False
Is 369 a factor of 1175265?
True
Does 22 divide 105512?
True
Is 16 a factor of 10826884?
False
Is 1486 a factor of 7677372?
False
Is 71767 a multiple of 30?
False
Is 2316569 a multiple of 223?
False
Does 7 divide 28084?
True
Is 26856075 a multiple of 24?
False
Is 314 a factor of 3690442?
True
Does 83 divide 3752625?
False
Is 303980 a multiple of 20?
True
Does 80 divide 1805406?
False
Is 1588967 a multiple of 771?
False
Is 4128651 a multiple of 81?
True
Does 4 divide 562911?
False
Is 368321 a multiple of 153?
False
Is 984129 a multiple of 17?
False
Does 64 divide 1393595?
False
Does 1114 divide 4290885?
False
Is 11 a factor of 410904?
False
Is 134960 a multiple of 297?
False
Is 69 a factor of 10419?
True
Does 704 divide 795961?
False
Is 7 a factor of 3931641?
True
Does 9 divide 40446?
True
Is 286 a factor of 2023561?
False
Is 87 a factor of 3835080?
False
Does 39 divide 145621?
False
Does 15 divide 2518950?
True
Does 152 divide 776192?
False
Does 9 divide 694701?
True
Does 29 divide 2020123?
False
Is 122668 a multiple of 29?
False
Does 29 divide 152047?
True
Does 70 divide 102294?
False
Is 2343 a factor of 26323605?
True
Does 430 divide 128140?
True
Is 9 a factor of 47241?
True
Is 825374 a multiple of 566?
False
Does 202 divide 805172?
True
Is 57 a factor of 57114?
True
Is 27304 a multiple of 7?
False
Does 8 divide 128396?
False
Does 450 divide 508955?
False
Does 39 divide 38632?
False
Is 39 a factor of 886228?
False
Is 6 a factor of 2111574?
True
Does 12 divide 872603?
False
Is 430364 a multiple of 12?
False
Does 879 divide 1644609?
True
Does 16 divide 177184?
True
Is 207983 a multiple of 81?
False
Is 34 a factor of 143616?
True
Is 261 a factor of 80224?
False
Is 28 a factor of 251161?
False
Is 25 a factor of 448475?
True
Is 30 a factor of 10510664?
False
Is 10 a factor of 4024?
False
Is 11 a factor of 16356189?
False
Is 4 a factor of 1280688?
True
Does 85 divide 166063?
False
Is 446 a factor of 6368880?
True
Is 299 a factor of 1730313?
True
Is 15 a factor of 6138585?
True
Does 77 divide 1247392?
False
Does 107 divide 15943?
True
Does 192 divide 232261?
False
Is 27 a factor of 72918?
False
Is 42 a factor of 1650492?
False
Is 3993689 a multiple of 351?
False
Is 12 a factor of 328630?
False
Does 1406 divide 6437015?
False
Is 1008504 a multiple of 7?
True
Is 1835524 a multiple of 68?
True
Is 243 a factor of 3542340?
False
Is 228921 a multiple of 33?
True
Is 392 a factor of 2615375?
False
Does 671 divide 162575?
False
Does 41 divide 263766?
False
Is 65 a factor of 11274734?
False
Does 1001 divide 2090592?
False
Is 174 a factor of 248994?
True
Does 78 divide 852774?
True
Is 577 a factor of 469678?
True
Is 113970 a multiple of 69?
False
Is 918 a factor of 25852716?
True
Is 269 a factor of 142035?
False
Does 18 divide 1455678?
True
Does 9 divide 314279?
False
Is 518995 a multiple of 115?
True
Is 205464 a multiple of 7?
True
Is 967606 a multiple of 56?
False
Is 6287784 a multiple of 24?
True
Is 2796871 a multiple of 721?
False
Is 1596288 a multiple of 6?
True
Is 3 a factor of 555329?
False
Does 1135 divide 21955440?
True
Is 13 a factor of 61321?
True
Is 12 a factor of 157980?
True
Is 565 a factor of 1215240?
False
Does 19 divide 863049?
False
Does 5 divide 121985?
True
Is 45747 a multiple of 117?
True
Is 5840151 a multiple of 38?
False
Is 501 a factor of 143093?
False
Does 74 divide 101101?
False
Is 140 a factor of 866180?
True
Is 24 a factor of 4059?
False
Is 8034327 a multiple of 230?
False
Is 10 a factor of 4749420?
True
Does 93 divide 7538673?
True
Is 189793 even?
False
Does 4 divide 120?
True
Is 1889922 a multiple of 6?
True
Is 2571590 a multiple of 73?
False
Does 31 divide 1418673?
False
Is 3 a factor of 44913?
True
Does 63 divide 2311882?
False
Does 8 divide 3455?
False
Is 3355895 a multiple of 46?
False
Is 111 a factor of 1181484?
True
Is 880080 a multiple of 12?
True
Is 8870643 a multiple of 10?
False
Is 19 a factor of 23422820?
True
Is 5481068 a multiple of 101?
True
Is 446508 a multiple of 157?
True
Is 278942 a multiple of 23?
False
Is 2198273 a multiple of 77?
True
Is 250 a factor of 5141000?
True
Is 1106800 a multiple of 4?
True
Is 55872 a multiple of 48?
True
Is 57 a factor of 127509?
True
Is 2275244 a multiple of 951?
False
Is 308 a factor of 272888?
True
Is 20 a factor of 600885?
False
Is 32 a factor of 415136?
True
Is 20 a factor of 9653078?
False
Is 4087 a multiple of 61?
True
Is 753 a factor of 168495?
False
Is 50 a factor of 1626?
False
Is 59 a factor of 82532?
False
Does 131 divide 109234?
False
Does 9 divide 15817?
False
Is 32 a factor of 41744?
False
Does 531 divide 424510?
False
Is 606218 a multiple of 258?
False
Does 98 divide 213103?
False
Is 22 a factor of 21892541?
False
Does 39 divide 27342?
False
Is 47850 a multiple of 6?
True
Is 555779 a multiple of 7?
True
Does 126 divide 1493982?
True
Is 86 a factor of 2528252?
False
Does 12 divide 190264?
False
Is 1572828 a multiple of 159?
True
Is 23 a factor of 5106?
True
Is 78 a factor of 172536?
True
Is 37151 a multiple of 122?
False
Is 283 a factor of 487326?
True
Is 51 a factor of 114258?
False
Is 39 a factor of 575952?
True
Is 7019959 a multiple of 1052?
False
Does 32 divide 2244032?
True
Is 249297 a multiple of 7?
False
Does 210 divide 127680?
True
Does 43 divide 255495?
False
Does 5 divide 72480?
True
Does 8 divide 5056?
True
Is 327 a factor of 1381248?
True
Does 317 divide 693009?
False
Does 17 divide 122309?
False
Is 192918 a multiple of 407?
True
Does 4 divide 6295116?
True
Does 94 divide 3365267?
False
Does 952 divide 7960624?
True
Does 931 divide 1653456?
True
Is 16 a factor of 4609776?
True
Does 6 divide 113886?
True
Does 203 divi